mon factor of 15 and j.
15
Let a(y) = 6*y**2 - 85*y + 26. Let u be a(14). Calculate the greatest common divisor of 1548 and u.
12
Let c be -11*(-4)/(-8)*-22. Let s = 233 - c. Suppose -36 = -2*t + 2*f, -4*t + f - 5*f = -s. What is the greatest common factor of t and 69?
23
Let i = -530 + 764. Calculate the highest common divisor of 39 and i.
39
Let i be (21/15 + -1)*(0 + 35). Let p = 31 - i. Calculate the highest common factor of p and 34.
17
Let s = 117 + -83. Let b = s + -28. Calculate the highest common divisor of 66 and b.
6
Let k be (4/6)/(5/(-135)). Let o = k - -20. Let n be 170/12 - o/12. Calculate the highest common divisor of n and 7.
7
Let x be (-130)/(-8) - 55/(-132)*-3. Calculate the greatest common factor of 30 and x.
15
Let f(x) = -x**2 + 12*x - 2. Suppose -2 = 2*n - n, 2*m - 26 = 2*n. Let h be f(m). Calculate the greatest common divisor of 9 and h.
9
Let a be 1 - 4 - (-11 + (-3 - 0)). Let k = 15 - 11. Suppose -k*d = -4*v - 2*d + 36, -4*v + 56 = 3*d. Calculate the highest common divisor of a and v.
11
Let k(a) = -a**3 + 2*a**2 + 4*a - 6. Let z be k(3). Let l be -4 + 0 + 13 + z. Calculate the highest common divisor of 6 and l.
6
Suppose 2*g - 3*g - 302 = -4*b, 0 = 5*b - 2*g - 379. Calculate the highest common divisor of b and 50.
25
Let j(n) = -n**3 - 3*n**2 + 17*n + 2. Let u be j(-6). Calculate the highest common factor of 2344 and u.
8
Let c(f) = -f**3 + 14*f**2 + 13*f - 69. Let g be c(6). Calculate the highest common factor of 462 and g.
33
Suppose w = 2*g - 4, 3*w = 2*g + 2*g - 4. What is the highest common divisor of 8 and g?
4
Suppose -10 = -2*i + 2*k, 0 = -k - 3*k - 20. Suppose i = p - 10. Calculate the greatest common factor of p and 40.
10
Suppose 2*b = 3*u - 146, 2*b - 154 = -43*u + 40*u. Calculate the greatest common factor of 250 and u.
50
Let w(x) = -x + 17. Let o be w(18). Let i be (8/(-20))/(o/140). Calculate the greatest common factor of 8 and i.
8
Let o(i) = 14*i - 81. Let l be o(6). Let g = 1 - -1. Suppose f = g*f - 6. Calculate the greatest common divisor of f and l.
3
Suppose -22 = -5*m + 2*n, 4*m + 10 = 6*m - 2*n. Let b(o) = 8*o**2 + o - 2. Let h be b(2). What is the highest common divisor of m and h?
4
Let h = 21 + -17. Suppose 4*j + 18 = x + j, x - 53 = -h*j. What is the highest common divisor of 297 and x?
33
Let g be (-3 - -2) + 39/1. Let b be -1*(1 - 0)*0. Suppose 0 = -t - m + 21, 4*t + 0*m - 5*m - 66 = b. Calculate the highest common factor of t and g.
19
Suppose 0 = 3*f - 4*o + 3, 0 = -5*f - 0*f + o + 12. What is the greatest common factor of 32 and f?
1
Suppose -44 - 46 = -3*c. Suppose -2*h = 8, -3*h - 411 = -3*n + c. What is the highest common divisor of 13 and n?
13
Let t be 3*(2 + 2 + -2). Suppose -o + 2*o - 2 = 0. Let j be 3/t - (-19)/o. What is the highest common factor of j and 4?
2
Let z(j) = j + 5. Let u be z(-3). Let k be (-5)/15*54/(-9). Calculate the greatest common divisor of k and u.
2
Let r(d) = 11*d**2 + 5*d - 9*d**2 - 1 - 1. Let a be r(-4). What is the greatest common factor of a and 110?
10
Let q(j) be the second derivative of 4*j**3/3 + 11*j**2/2 + 2*j. Let o be q(8). Suppose -424 = -39*s + 746. Calculate the highest common divisor of o and s.
15
Suppose 5*y = -4*p + 1980, 5*y - 851 = -2*p + 149. What is the highest common divisor of 98 and p?
98
Suppose 0 = 5*l - 5*d + 448 + 782, d + 246 = -l. Let r = l + 358. Let c be 17 - (-15)/10*-2. Calculate the highest common divisor of c and r.
14
Let g be 20/(-28) + (-2)/7. Let l be -6*(-9 - g)*(-3)/(-9). Let p(t) = -t**2 + 13*t + 2. Let m be p(11). What is the greatest common divisor of m and l?
8
Let l(t) = -72*t + 372. Let m be l(5). Let p = 8 - 0. What is the highest common factor of m and p?
4
Let o be 606*(3 - (-19)/(-3)). Let f be o/(-16) + (-2)/8. Calculate the greatest common divisor of f and 14.
14
Suppose -k + 105 = 3*p, -5*k = 4*p - 35 - 94. What is the highest common factor of 42 and p?
6
Let f be (-6)/8 + 6/8. Suppose 0 = -3*v - 5*j + 23, 5*v + 3*j + j - 47 = f. Calculate the highest common divisor of v and 44.
11
Let m be 1538/7 - (-20)/70. Let a be 20/6*(1 - 381/(-15)). Calculate the highest common factor of m and a.
44
Let g be 1 - (-4 + (3 - 8)). Suppose -x + 20 = -4*f, 2*f + 0*f = 0. What is the highest common divisor of g and x?
10
Let a(o) = 3*o**3 - 3*o - 13*o**2 + o + 12 + 3*o - 2*o**3. Let m be a(13). What is the highest common divisor of m and 200?
25
Let g = -6 - -12. Suppose -a = -g*a + 120. What is the highest common divisor of 8 and a?
8
Let q be (-4 - -3) + 0 + 4. Suppose -j + 52 = q*j. What is the highest common divisor of j and 91?
13
Let j(g) = -5*g**3 - g**2 + 3*g + 3. Let c be j(-1). Suppose -177 = -4*q - 5*h, c*q + h - 93 = 2*q. Calculate the greatest common divisor of 32 and q.
16
Suppose -15*v + 5 = -10. Let c(n) = 104*n**2 + 3*n + 1. Let w be c(v). What is the greatest common factor of 4 and w?
4
Let i be (680/(-100))/((-2)/5). What is the greatest common factor of i and 187?
17
Suppose -4*c + s + 10 = 3*s, 2 = 2*s. Suppose -p = -d + c*p - 4, 5*p - 16 = -3*d. Suppose 13*g - 8*g - 30 = 0. What is the highest common factor of d and g?
2
Let z(o) = 2*o**3 + 57*o**2 + 30*o + 92. Let a be z(-28). Let s = 11 + -8. What is the greatest common factor of s and a?
3
Let w be -83 + (4 + -3 - 3). Let q = w + 94. Calculate the highest common divisor of 45 and q.
9
Let z(x) = -x + 1. Let t be z(0). Suppose a = t + 2. Let q(b) = 2*b**2 + 35*b - 30. Let n be q(-19). Calculate the highest common divisor of a and n.
3
Let s(a) = 6*a + 297. Let v be s(0). What is the highest common divisor of 54 and v?
27
Suppose 5*n - 2 = 33. Let x(k) = 7*k**2 + 2*k - 3. Let f be x(-3). Suppose -16 = -2*b + f. What is the highest common factor of b and n?
7
Let p = 15 - 10. Suppose -3*k = p*y - 0*y - 96, -3*k = y - 96. Suppose k = 2*r + 4*l - 0*l, -r - 4*l = -6. What is the highest common divisor of r and 39?
13
Let k = -12 - 36. Let x = k - -74. What is the highest common factor of 182 and x?
26
Let c be (30/90)/(1/51). Let f = -53 - -104. What is the highest common divisor of f and c?
17
Let q = 32 - 30. Let o be 2*q/(-20) - 282/(-10). What is the highest common factor of o and 308?
28
Let a = 169 - 120. What is the highest common divisor of 14 and a?
7
Let b = 1014 - 996. Calculate the highest common factor of 624 and b.
6
Suppose b = -4*o + 35, 0 = -3*b - 6 + 15. Calculate the highest common divisor of o and 8.
8
Let m(g) be the second derivative of -g + 5/12*g**4 + 0*g**2 - 1/3*g**3 + 0. Let h be m(-4). What is the greatest common divisor of h and 11?
11
Suppose 5*o - 4*z - 128 = 0, 3*o + 34 = 4*o - 5*z. Let j = o - 23. Let b be j/2 + 82/4. What is the highest common divisor of 3 and b?
3
Let v = 5 - -14. Let j = v + 12. Let u = 50 - j. What is the highest common divisor of 19 and u?
19
Let x(o) = -3*o**3 - 15*o**2 - 10*o - 6. Let l be x(-6). Suppose -5*h = -2*h - l. Calculate the highest common divisor of 135 and h.
27
Let f(r) = r**3 - 4*r**2 + 3*r. Let x be f(2). Let s be (x/(-6))/((-1)/3)*-3. Calculate the greatest common factor of 27 and s.
3
Suppose 55 = -4*x - x. Let a(y) = -23*y**2 + 7 + 11*y + 13*y**2 - y**3 - 4 + 4. Let s be a(x). What is the highest common divisor of 7 and s?
7
Let b = -1 - -2. Let x be -2 + -1 + 4/(-4). Let r be -2*(-9)/x*-2. What is the greatest common divisor of b and r?
1
Suppose -5*j - 5*w = -5, -j + 0*w + 17 = -3*w. Let n be (32 - 0/j) + -4. Let o = -13 - -20. What is the highest common divisor of n and o?
7
Let c = -184 + 544. What is the highest common factor of 80 and c?
40
Let w be 498/21 + 2/7. Suppose 30*n - 28*n = w. What is the highest common divisor of n and 8?
4
Suppose 11*d = 9*d + 10. Calculate the highest common factor of d and 20.
5
Let i = -26 + 29. Suppose k + 4 = 0, 0*n + i*n - 2*k = 68. What is the highest common factor of n and 140?
20
Suppose -5*y = -6 + 1. Suppose -4*c + 91 = -y. Let i be (c - 1) + (-10 - -11). What is the greatest common divisor of 23 and i?
23
Suppose -u = -3 + 1. Let p be 28/8 - (-1)/u. Suppose -3*k + 0*k + y + 34 = 0, -p*k + 2*y = -48. What is the greatest common divisor of 2 and k?
2
Suppose u - 240 = -u. Suppose 0 = -5*r - 2*m + 30, 2*r + 5*m - 17 = 16. Let n be (-4)/18 - ((-4352)/36)/r. Calculate the greatest common divisor of n and u.
30
Suppose 4*d -